
Is 4 a factor of 3336?
True
Is 8584 a multiple of 4?
True
Is 2711 a multiple of 87?
False
Is 156 a factor of 18382?
False
Is 39 a factor of 30498?
True
Is 90 a multiple of 45?
True
Is 17 a factor of 680?
True
Is 57 a factor of 627?
True
Is 15 a factor of 105?
True
Is 2636 a multiple of 61?
False
Does 113 divide 4197?
False
Is 5016 a multiple of 88?
True
Is 16623 a multiple of 32?
False
Does 26 divide 1717?
False
Does 86 divide 1892?
True
Is 17 a factor of 2601?
True
Does 33 divide 645?
False
Does 31 divide 558?
True
Is 26588 a multiple of 5?
False
Is 18 a factor of 504?
True
Does 18 divide 284?
False
Does 17 divide 323?
True
Is 38 a factor of 14402?
True
Is 492 a multiple of 5?
False
Does 66 divide 3564?
True
Does 7 divide 4753?
True
Is 90 a factor of 5139?
False
Does 163 divide 13637?
False
Is 738 a multiple of 4?
False
Is 4 a factor of 261?
False
Is 111 a factor of 2025?
False
Is 61 a factor of 8784?
True
Does 14 divide 41846?
True
Does 150 divide 18957?
False
Is 23 a factor of 552?
True
Does 97 divide 39479?
True
Does 47 divide 954?
False
Is 1096 a multiple of 2?
True
Is 81 a factor of 41553?
True
Does 57 divide 720?
False
Is 45 a factor of 1710?
True
Does 23 divide 1229?
False
Is 1104 a multiple of 92?
True
Does 27 divide 637?
False
Does 34 divide 102?
True
Is 4233 a multiple of 51?
True
Is 11203 a multiple of 14?
False
Is 173 a multiple of 4?
False
Does 28 divide 6636?
True
Is 17 a factor of 4539?
True
Is 35599 a multiple of 97?
True
Is 3177 a multiple of 7?
False
Does 16 divide 12576?
True
Does 10 divide 120264?
False
Is 4419 a multiple of 20?
False
Is 74600 a multiple of 30?
False
Does 38 divide 682?
False
Is 5959 even?
False
Is 44 a factor of 992?
False
Is 9 a factor of 3789?
True
Does 69 divide 751?
False
Is 21 a factor of 11748?
False
Is 141 a multiple of 4?
False
Is 64 a factor of 23040?
True
Is 781 a multiple of 33?
False
Is 356 a multiple of 6?
False
Does 9 divide 54216?
True
Does 2 divide 53?
False
Is 173 a factor of 10202?
False
Is 319 a factor of 28710?
True
Is 29904 a multiple of 21?
True
Is 264 a multiple of 7?
False
Does 32 divide 1454?
False
Is 7 a factor of 7602?
True
Does 7 divide 29378?
False
Is 8 a factor of 64?
True
Is 42 a factor of 282?
False
Does 7 divide 7295?
False
Does 16 divide 5564?
False
Does 10 divide 170?
True
Is 47 a factor of 470?
True
Does 99 divide 83889?
False
Is 2599 a multiple of 15?
False
Does 101 divide 1010?
True
Is 130 a factor of 50830?
True
Is 18260 a multiple of 55?
True
Is 35 a factor of 131?
False
Is 21 a factor of 3556?
False
Is 35507 a multiple of 38?
False
Does 26 divide 728?
True
Does 28 divide 1525?
False
Is 4410 a multiple of 18?
True
Does 10 divide 92270?
True
Does 12 divide 47422?
False
Is 219 a factor of 14317?
False
Is 4453 a multiple of 61?
True
Is 7 a factor of 184?
False
Is 260 a multiple of 10?
True
Does 3 divide 159?
True
Is 3841 a multiple of 7?
False
Is 23 a factor of 6901?
False
Is 16455 a multiple of 12?
False
Does 12 divide 1018?
False
Is 24 a factor of 1643?
False
Is 132 a multiple of 6?
True
Is 25149 a multiple of 18?
False
Does 7 divide 98647?
False
Does 14 divide 10360?
True
Is 13 a factor of 2795?
True
Is 3180 a multiple of 60?
True
Is 34 a factor of 1075?
False
Does 22 divide 11212?
False
Is 55 a multiple of 3?
False
Is 29 a factor of 3857?
True
Is 90 a multiple of 15?
True
Is 74376 a multiple of 9?
True
Is 40 a factor of 9160?
True
Is 8305 a multiple of 11?
True
Is 97750 a multiple of 25?
True
Does 59 divide 4838?
True
Does 212 divide 1484?
True
Is 5142 a multiple of 63?
False
Does 4 divide 3760?
True
Is 27560 a multiple of 265?
True
Is 37 a factor of 4565?
False
Is 274 a factor of 28590?
False
Is 8 a factor of 498?
False
Does 66 divide 4422?
True
Is 52 a factor of 15184?
True
Is 35721 a multiple of 27?
True
Is 13280 a multiple of 418?
False
Is 12 a factor of 772?
False
Is 1872 a multiple of 30?
False
Does 127 divide 6261?
False
Is 98 a factor of 392?
True
Does 22 divide 36784?
True
Does 4 divide 232?
True
Is 45442 a multiple of 11?
False
Is 7743 a multiple of 29?
True
Is 239 a multiple of 7?
False
Does 57 divide 7809?
True
Is 704 a multiple of 22?
True
Is 8034 a multiple of 129?
False
Does 31 divide 799?
False
Is 192 a factor of 23604?
False
Is 32934 a multiple of 15?
False
Does 32 divide 1216?
True
Is 4 a factor of 1440?
True
Is 3 a factor of 425?
False
Does 35 divide 773?
False
Is 11 a factor of 2306?
False
Is 5 a factor of 2232?
False
Does 9 divide 13374?
True
Does 5 divide 13017?
False
Is 62 a factor of 12028?
True
Is 37970 a multiple of 54?
False
Does 30 divide 60?
True
Is 1512 a multiple of 63?
True
Is 3788 a multiple of 6?
False
Does 39 divide 34827?
True
Is 2175 a multiple of 10?
False
Does 33 divide 551?
False
Does 16 divide 454?
False
Does 20 divide 1066?
False
Is 37538 a multiple of 19?
False
Is 156 a factor of 7437?
False
Is 200 a multiple of 14?
False
Is 77762 a multiple of 255?
False
Is 1373 a multiple of 137?
False
Does 12 divide 67?
False
Does 33 divide 807?
False
Does 59 divide 472?
True
Is 1275 a multiple of 85?
True
Does 2 divide 6980?
True
Is 9 a factor of 10507?
False
Is 792 a multiple of 8?
True
Does 7 divide 294?
True
Is 1445 a multiple of 17?
True
Does 118 divide 44722?
True
Is 6 a factor of 253?
False
Is 4154 a multiple of 62?
True
Is 41 a factor of 4510?
True
Is 3 a factor of 1336?
False
Does 49 divide 26852?
True
Does 33 divide 4131?
False
Does 21 divide 462?
True
Is 10 a factor of 2285?
False
Is 9028 a multiple of 122?
True
Is 936 a multiple of 52?
True
Is 7285 a multiple of 7?
False
Is 75 a factor of 44521?
False
Is 38 a factor of 1824?
True
Is 115 a factor of 11270?
True
Does 21 divide 29463?
True
Is 39382 a multiple of 31?
False
Is 9492 a multiple of 12?
True
Does 29 divide 11107?
True
Is 81 a multiple of 15?
False
Does 14 divide 5012?
True
Is 1565 a multiple of 25?
False
Is 1018 a multiple of 100?
False
Is 14 a factor of 924?
True
Does 15 divide 12617?
False
Is 6 a factor of 6558?
True
Is 14 a factor of 34549?
False
Does 3 divide 3304?
False
Is 56 a factor of 280?
True
Does 4 divide 1148?
True
Is 14 a factor of 21770?
True
Is 96 a factor of 12000?
True
Does 45 divide 25650?
True
Is 14015 even?
False
Does 41 divide 516?
False
Does 23 divide 65?
False
Is 21 a factor of 147?
True
Does 10 divide 3050?
True
Is 2587 a multiple of 20?
False
Does 65 divide 977?
False
Is 29 a factor of 99997?
False
Is 10432 a multiple of 12?
False
Is 6266 a multiple of 51?
False
Does 5 divide 2512?
False
Is 332 a multiple of 4?
True
Is 12 a factor of 11988?
True
Is 81491 a multiple of 19?
True
Is 23 a factor of 759?
True
Is 1569 a multiple of 2?
False
Does 4 divide 67?
False
Does 19 divide 84?
False
Is 194 a factor of 9118?
True
Is 122 a factor of 2080?
False
Is 1759 a multiple of 3?
False
Does 34 divide 4614?
False
Is 7011 a multiple of 9?
True
Is 1368 a multiple of 38?
True
Is 661 a multiple of 25?
False
Is 9771 a multiple of 23?
False
Does 15 divide 1935?
True
Is 1088 a multiple of 32?
True
Does 15 divide 18747?
False
Does 57 divide 16652?
False
Does 2 divide 8147?
False
Is 32326 a multiple of 38?
False
Does 40 divide 8648?
False
Is 184 a factor of 6072?
True
Is 38 a factor of 1194?
False
Does 13 divide 3081?
True
Is 6073 a multiple of 45?
False
Does 113 divide 12317?
True
Does 3 divide 3744?
True
Is 9 a factor of 585?
True
Is 9795 a multiple of 15?
True
Does 5 divide 2215?
True
Does 8 divide 409?
False
Is 413 a multiple of 62?
False
Is 8 a factor of 89?
False
Is 16 a factor of 508?
False
Is 65 a factor of 323?
False
Does 13 divide 13?
True
Does 143 divide 113971?
True
Does 5 divide 28809?
False
Is 1274 a multiple of 91?
True
Is 198 a multiple of 3?
True
Is 29988 a multiple of 153?
True
Does 6 divide 4682?
False
Does 51 divide 6213?
False
Is 24043 a multiple of 33?
False
Is 1053 even?
False
Is 2 a factor of 2?
True
Does 279 divide 15066?
True
Is 20 a factor of 568?
False
Is 9 a factor of 35?
False
Does 71 divide 118934?
False
Is 54 a factor of 2214?
True
Does 131 divide 4707?
False
Is 35710 a multiple of 90?
False
Is 14784 a multiple of 308?
True
Is 19 a factor of 632?
False
Is 3 a factor of 122?
False
Does 16 divide 17456?
True
Is 81 a factor of 1782?
True
Is 11 a factor of 142?
False
Is 18108 a multiple of 25?
False
Does 16 divide 19664?
True
Is 11